ppose 0 = -5*q + 2*f, -24*q + 21*q + 2*f = 0. Suppose -v - 3*y + 9479 = 0, -4*v - 2*y - 3*y + 37944 = q. Is v composite?
False
Let u(x) = 548*x**2 - 5*x - 4. Let l be u(-3). Let v = -2055 + l. Let d = 4689 - v. Is d a composite number?
False
Let f = -7645 + 7648. Suppose 3*o + 0*o = 0. Suppose 0 = f*k - o*k - 2307. Is k prime?
True
Suppose -4 + 143 = -2*a - 5*m, -2*a - 142 = 2*m. Is (-11322)/(-14) - (10 - a/(-7)) a prime number?
True
Let q(h) = -168*h + 951*h + 4 + 43. Is q(22) a prime number?
False
Suppose -8727 = 2*y + 2*t - 7*t, -17442 = 4*y + 2*t. Let b = y - -9062. Is b composite?
True
Let m = -21655 - -45168. Suppose 80527 = 5*s - m. Suppose -4*a - 7868 = -s. Is a a composite number?
True
Let p(m) = m**3 - 60*m**2 - 162*m + 794. Is p(67) a composite number?
True
Let o = -2 + -28. Let k = o + 35. Suppose 5*l = 5*x + 1265, k*l - 1265 = -3*x - x. Is l a composite number?
True
Let n = -88970 - -166863. Is n a prime number?
True
Let x(m) = 7*m + 74. Let k be x(-5). Is (k*(-1)/(-6) + -6)*7886 prime?
True
Suppose -5*g = 5*h - 40, -4*h + 7*h + 1 = 2*g. Suppose g*b - 4397 = 126008. Is b a composite number?
True
Let b(h) = -14*h**3 + 9*h**3 - 37*h**2 - 13*h - 4 - 2*h**3 - 17*h**3 + 7. Is b(-11) a composite number?
True
Let h(x) = 4*x + 1. Suppose -77*d = -79*d - 4. Let p be h(d). Let g = p + 701. Is g prime?
False
Let p(y) = 785051*y**2 + 352*y + 354. Is p(-1) a prime number?
True
Let f = 1430073 - -496334. Is f a prime number?
False
Suppose -28 = 4*d - 6*d. Let n = d + -11. Suppose 3*j - 12618 = n*a, 5*j = 4*a - 2*a + 21015. Is j a composite number?
False
Let r(c) = 6*c**2 + 48*c - 5. Let h be r(-8). Let y(j) = -24*j**3 + 3*j**2 - 2*j - 24. Is y(h) a composite number?
False
Let k(c) = 18*c + 160. Let r be k(-9). Is (r/6)/(44/(-581592)) prime?
False
Let r(o) = o**3 + 8*o**2 - 49*o - 4. Let a be r(-12). Suppose -a*s + s + 90671 = 0. Is s prime?
True
Let z = 41291 + 23576. Is z a prime number?
False
Suppose 22035 = 6*q - 13851. Is q a composite number?
False
Suppose 21*o + 433856 = 85*o. Is o a prime number?
True
Let c be 35540/(-6)*3*3/(-6). Let s = 16368 - c. Is s composite?
True
Let b = 599041 + 25288. Is b prime?
True
Suppose -138470 = -543*z + 538*z. Suppose -485 = 4*i + 3*g - z, -2*g + 27210 = 4*i. Is i prime?
True
Let r = -718988 - -1633309. Is r composite?
False
Let q(y) = -41314*y - 7511. Is q(-106) a composite number?
True
Let k(j) = 886*j**2 + 822*j - 11. Is k(37) a prime number?
True
Let n(c) = 237*c + 132. Let v be n(-4). Is (75/45 + v/9)*-97 a composite number?
True
Let t(k) be the second derivative of k**5/30 + 7*k**4/24 + 11*k**3/3 + 19*k**2/2 - 3*k. Let g(u) be the first derivative of t(u). Is g(-13) a composite number?
False
Let j(q) = -q**3 + 18*q**2 + 38*q + 40. Let y be j(20). Suppose y = 15*b - 9*b - 2622. Is b prime?
False
Let m = -28204 + 121949. Is m prime?
False
Let k be 2/9 - 18632/9. Let g = 38 - k. Is (g/6)/(2/3) composite?
True
Suppose 745*a - 382424792 = 609*a. Is a composite?
False
Let x = -632 - -420. Let k be -53 - (-4 - (-2 + -4)). Let d = k - x. Is d a prime number?
True
Suppose 19*v - 30871 = 8041. Suppose -2*s + 3*p = -2542, 3*s - 1765 = -4*p + v. Suppose 3*n - 4*y = -n + 1004, 0 = -5*n - 3*y + s. Is n a prime number?
False
Let x = -23 - 17. Let t(r) = -41*r - 958. Let n be t(-29). Let s = n + x. Is s a prime number?
True
Suppose 4*m = 439 + 21. Suppose m*j - 109*j = 1218. Is j prime?
False
Let z(a) = -3*a**3 - 139*a**2 - 490*a + 17. Is z(-67) a prime number?
False
Suppose 0 = 5*z - 19145 - 8745. Suppose 1159 + z = 3*w - f, 4*f - 2237 = -w. Suppose 0*l - 5*l = -w. Is l prime?
True
Suppose -v = 5*p - 3634470, 4*p - 2055026 = -v + 852551. Is p a composite number?
False
Let b = 341 - 434. Let l = -144 + -23. Let m = b - l. Is m a composite number?
True
Let p(r) = 222*r + 5903. Is p(-12) a composite number?
True
Let c = 1 + 40. Suppose -25206 = -47*u + c*u. Is u prime?
True
Let d be (40/(-30))/(26/273). Let w = 10 + 25. Is 23575/w - 6/d prime?
False
Let l(x) = 2737*x + 2591. Is l(39) a composite number?
True
Suppose -5*f - 1445 = -w, 6*f - 3*f + 4359 = 3*w. Suppose -3*r + 34997 = 5*u, 2*u - r - 12535 = w. Is u composite?
False
Let w = 268739 - -602774. Is w prime?
True
Let s(n) = 987*n**3 - 2*n**2 - 8*n + 30. Is s(4) a prime number?
False
Suppose -2*z - 4 = 2*s, 0 = -4*s - 0*s - 20. Let q be z/((-8)/(-2) - (-65)/(-20)). Suppose -q*t + 6903 = -581. Is t a composite number?
False
Let l be -4 - (32 + 3)*1. Let g = 41 + l. Suppose -g*m + 391 = -15. Is m prime?
False
Suppose 0 = -3*x + 3*y + 692154, -y - y - 692155 = -3*x. Is x composite?
False
Let b = 20644 + -9707. Is b prime?
True
Let p(c) = -289*c + 108. Is p(-39) prime?
False
Let v = -370 - -1216. Let q = -635 + v. Is q prime?
True
Suppose 0 = 35*w - 697999 - 2017756. Is w prime?
False
Suppose -k - w = -3*w - 6, 3*w = k - 7. Suppose k*a - m - 136 = 0, -4*m + 79 = 3*a + m. Suppose a*p + 586 = 35*p. Is p a prime number?
True
Let h(y) = -y**3 - 17*y**2 + 16*y - 35. Let s be h(-18). Let i(n) = 3956*n**2 - 4*n + 1. Is i(s) a prime number?
False
Let s = 36041 + -774. Is s a composite number?
False
Let q(k) = -20*k**2 + 71*k + 586. Let d be q(-9). Suppose p = -2*p + 4*j - 1770, -1178 = 2*p - 2*j. Let i = p - d. Is i a composite number?
False
Suppose 0 = 4*h + 4*m - 20, -2*h + 4*m = -4 - 12. Suppose -h*c - 6*c + 23076 = 0. Is c a prime number?
False
Let w be (-2 - 75/(-40)) + (-5993)/(-8). Suppose -w = -c + 868. Is (-2 - -5)/(c/402 - 4) a composite number?
True
Let u(h) = -h**3 - 8*h**2 - 12*h + 17. Let b be u(-4). Is (b/3)/(9/31617) prime?
True
Let i(l) = 16416*l**3 + 2*l**2 - 25*l + 68. Is i(3) a composite number?
False
Let t(d) = d**2 + 3*d - 6. Let p be t(-6). Is (-2)/(p/(-4853)) - (-57)/342 prime?
True
Suppose 0*a + 4*a = 0, k - 6*k = -4*a - 87365. Is k a composite number?
True
Let v be (((-39)/(-52))/(-1))/((-3)/16). Suppose -7961 = -v*b - 5*r + 2061, 0 = 5*b - 3*r - 12509. Is b a composite number?
False
Let b(n) = n**3 + 11*n**2 - 11*n + 25. Let g be b(-11). Let f = 269 - g. Let y = -4 + f. Is y composite?
True
Let w(g) = 8*g - 21. Let o(h) = 17*h - 43. Let i(y) = -3*o(y) + 5*w(y). Let m = 33 + -44. Is i(m) prime?
False
Let z(x) = -5*x - 113. Let v be z(-23). Is ((-1398306)/(-12))/13 + v/(-4) prime?
True
Let u be (0 + 1)/((-8)/8). Is -7 - (4 - -662)*u prime?
True
Suppose 4*b - 57 = -73. Is (-1)/(-3) + b + 19524/18 composite?
True
Suppose 5*u - 14*u = -18. Suppose 0 = -u*y - y + 16671. Is y prime?
True
Let m(z) = 2136*z - 123. Let h(b) = -2135*b + 122. Let f(i) = 6*h(i) + 5*m(i). Is f(-4) a composite number?
True
Let d(j) = 340*j + 30803. Is d(0) composite?
False
Suppose 31*v = -15*v + 35*v + 311047. Is v a prime number?
True
Suppose 4 = k + i, 11*k - 15*k - 2*i + 18 = 0. Suppose 3 + 2 = c - x, 3*c - x = 9. Let v = k - c. Is v prime?
True
Suppose 0 = -106*m + 98*m + 24. Is 0/m + -3 + 5 - -209 prime?
True
Let a(u) = 170*u + 26. Let x be a(5). Suppose -i - 55 = -x. Is i composite?
False
Let i(k) = -7*k - 1031. Let f be i(0). Let m = 4248 + f. Is m prime?
True
Suppose 0 = -5*i + l + 1041727, 6*i + 4*l + 625026 = 9*i. Is i prime?
False
Let v(u) = 155928*u + 3031. Is v(7) prime?
False
Let j(l) = -l**3 - 12*l**2 - 13*l - 65. Let y be j(-10). Is (-221247)/y - (-6)/45 a prime number?
False
Suppose p = 2, 5*l - 5*p - 343 = 122. Suppose 2*j = -l + 25. Let t = j + 246. Is t composite?
False
Let d(w) be the first derivative of w**3 + 4*w**2 - 4*w + 15. Let k be d(-8). Let r = -89 + k. Is r composite?
True
Suppose 0 = 80*y - 75*y - 1137025. Is y composite?
True
Let s be ((-3 - 1)/8)/(1/(-192)). Suppose 26 - s = -7*j. Suppose j*o + 736 = 7286. Is o a composite number?
True
Suppose -2*n + 181846 = 4*n - 102908. Is n composite?
False
Suppose -2*i = 3*z - 1574201, -2*i = -5*z + 2287487 + 336160. Is z a composite number?
False
Let k(t) = 32*t**2 - 3*t + 14. Let w(h) = -h + 1. Let c be w(-2). Is k(c) composite?
False
Is ((-82969)/4)/((-32)/2 - (-11340)/720) a prime number?
False
Suppose q - 4 = -2*f + 5, 5*f = -4*q + 21. Suppose -21*s + 30*s = -61*s. Suppose 5*v + t = 5*t + 8799, 2*v - f*t - 3523 = s. Is v a composite number?
False
Let f = 2425 - 1590. Suppose o - 311 = f. Is o/(-4)*24/(-36) a prime number?
True
Let y(s) = -2*s**2 + 9*s - 12. Let h be y(10). Suppose 38*t - 8775 = 1